 = -192. What are the prime factors of j?
2, 3
Let j = -140 + 127. Let p(l) be the third derivative of -l**6/120 - 11*l**5/60 + 5*l**4/6 + 7*l**3/6 + 7*l**2. What are the prime factors of p(j)?
5, 17
Let a be 2*2/(12/(-363)). Suppose -57*z + 4541 = 14972. Let i = a - z. List the prime factors of i.
2, 31
Suppose 18*s + 12*s = -3180. Let a(b) = -2*b**3 - b**2 - 2*b - 4. Let x be a(-4). Let r = x + s. What are the prime factors of r?
2, 5
Suppose -223*s + 45349 - 7717 = -220*s. List the prime factors of s.
2, 7
Let q = 4510 - 647. List the prime factors of q.
3863
Suppose -4*t = -88546 - 35582. List the prime factors of t.
2, 3, 431
Let h = -343 - -1302. Suppose -6*d + 8*d + 573 = 3*z, -h = -5*z + 2*d. What are the prime factors of z?
193
Let w(m) = -56*m - 2. Let q be w(-6). Suppose -12*x + 14*x = q. Suppose -x = -a - 85. List the prime factors of a.
2, 41
Let o be (3590/(-25))/(4/(-20)). List the prime factors of 7 - (0 + (0 - o)).
5, 29
Let s = 36546 + -1905. What are the prime factors of s?
3, 1283
Let n = -1856 - -3559. List the prime factors of n.
13, 131
Suppose 0 = -26*z + 34*z - 36312. Suppose -5 = r, 2*c + r - z = -2*c. List the prime factors of c.
2, 71
Suppose -49*h = -58*h + 567. Suppose 60*p - h*p = -1353. List the prime factors of p.
11, 41
Suppose 0 = 795*s - 808*s + 100581. What are the prime factors of s?
3, 2579
Suppose 1225 = 9*w - 16*w. Let i = -115 + -5. Let v = i - w. What are the prime factors of v?
5, 11
List the prime factors of 11933 + (-74 + -16)/10.
2, 11, 271
What are the prime factors of (-9 - (1 + -20)) + 12184?
2, 7, 13, 67
Let a(h) = -h**3 + h**2 + h + 1165. Let d be a(0). List the prime factors of 21/42*(d - -1).
11, 53
Suppose -i - 26400 = -4*f, 8*i - 12*i = -4*f + 26412. List the prime factors of f.
6599
Suppose -403*z + 2312 = -407*z. Let w = z + 938. List the prime factors of w.
2, 3, 5
Let k(t) = 2*t**3 - 51*t**2 - 2*t - 257. List the prime factors of k(36).
7, 23, 167
Let d be (-10)/(-70)*(-7)/(-1). What are the prime factors of (d + 1)*((-1308)/(-8) + 10)?
347
Suppose -131*h + 551938 = 119114. List the prime factors of h.
2, 7, 59
Let g be (-20)/4*1/((-15)/837). Suppose g = 5*c - 646. Suppose 0 = -10*a + 1715 - c. What are the prime factors of a?
3, 17
Suppose -56*s - 127 + 351 = 0. Suppose -3*z - 3181 = -s*r, 3*r - 3*z + 1335 - 3717 = 0. What are the prime factors of r?
17, 47
Let z = 34174 + -20532. List the prime factors of z.
2, 19, 359
Let i(o) = 7*o - 21. Let f be i(4). Suppose 5*q - 4*y - 3977 = 0, 3*y - f*y + 3993 = 5*q. Suppose 0 = -9*d + 526 + q. What are the prime factors of d?
3, 7
Let g(v) = -365*v - 1013. What are the prime factors of g(-7)?
2, 3, 257
Let c(u) be the first derivative of 81*u**2/2 + 127*u + 100. List the prime factors of c(7).
2, 347
Suppose n - 81765 = -3*y - 19460, 4*n - 103830 = -5*y. Suppose -12206 - y = -36*h. List the prime factors of h.
2, 229
Suppose 63*k - 102691 = 175202. What are the prime factors of k?
11, 401
Suppose 16*l = -7 + 167. What are the prime factors of 51/5*l/3?
2, 17
Let w = -136 + 149. Let g(k) = 5*k - 63. Let o be g(w). Suppose -c + 380 = 4*v, -v + o*v = -4*c + 80. List the prime factors of v.
2, 3
Let i(v) = -v**2 - 10*v - 16. Let t be i(-7). Let q be (-336)/(-30) - 1/t. Suppose -q = -z - 2*b + 4, 2*b = 5*z - 39. What are the prime factors of z?
3
Let l = 6572 + 14654. What are the prime factors of l?
2, 10613
Suppose 430*n + 139706 = 452*n - 437508. List the prime factors of n.
26237
List the prime factors of ((-414)/45 + 10 - 159/5)*-53.
31, 53
Let s be (-9)/(-15) - 5/(125/(-40760)). Suppose 5*o = -u + s, o - 322 = 2*u + 2*u. List the prime factors of o.
2, 163
Let l = 8 - 154. Let y = l + 443. List the prime factors of y.
3, 11
Let n be (-9)/((-81)/66) - (-4)/6. Let f be (-822)/(-54) - n/36. Suppose -f*y + 2511 = -204. What are the prime factors of y?
181
Suppose 1138 = -4*p + 6*p. Suppose 5*z - 191 = p. Suppose -4*d = 5*m - 272, -4*d + 4*m + 120 = -z. List the prime factors of d.
2, 17
Suppose 31*r - 28*r = -5*d + 3024, 2*r + 1803 = 3*d. Let f = 1042 - d. List the prime factors of f.
439
Suppose 0 = -7*g - 70. List the prime factors of 1115 + g + 8 + -1.
2, 139
Let y(v) = -4 - 28*v + 21*v**2 + 34 + 29*v**2 + 57 + 4. What are the prime factors of y(4)?
19, 41
Suppose 173242 = 50*l - 128858. What are the prime factors of l?
2, 3, 19, 53
Let t = 5644 - -6028. What are the prime factors of t?
2, 1459
Let s(r) = -16 - 17*r - r**2 - 3*r - 13 + 0*r. Let n be s(-16). List the prime factors of 2 + (-85)/n - 304/(-7).
43
List the prime factors of ((-25820)/20*1/3)/(1/(-126)).
2, 3, 7, 1291
Let l(r) = 132*r**3 - 10*r**2 + 62*r + 37. What are the prime factors of l(5)?
7, 2371
Suppose -5*d = -17*b + 12*b + 53755, 3*d = -3*b + 32247. What are the prime factors of b?
2, 5, 43
Suppose -2*t + 159104 = 14*t. Suppose 11*b - t = -11*b. What are the prime factors of b?
2, 113
Suppose -6740*p = -6766*p + 54366. List the prime factors of p.
3, 17, 41
Suppose 18*c - 1202134 = -198706. List the prime factors of c.
2, 3, 19, 163
Let d(m) = m**3 + 4*m**2 - 16*m - 4. Let n(y) = -3*y + 11. Let w be n(-4). Suppose w = -3*p - 5*l, -p + 4 = 5*l + 15. What are the prime factors of d(p)?
2, 5
Let d(y) = -10*y - 14. Let n be d(-9). Suppose -3*m = -2*m - 6. Let j = m + n. List the prime factors of j.
2, 41
Suppose -4*b + 26 = -14. Suppose -b*z = 15*z - 12625. What are the prime factors of z?
5, 101
Let m = 35017 - 4627. List the prime factors of m.
2, 3, 5, 1013
Let t(m) be the first derivative of -m**4/4 - 25*m**3/3 + 4*m**2 + 110*m + 150. List the prime factors of t(-27).
2, 13
Let j(t) = 39*t + 56. Let w(v) = -13*v - 19. Let n(r) = 3*j(r) + 8*w(r). Let d be -8 - (-5)/(55/154). What are the prime factors of n(d)?
2, 47
Suppose -286 = -4*k + b - 3*b, -163 = -2*k + 3*b. Suppose -4*l = a - 1637, l - 329 = a + k. List the prime factors of l.
2, 3, 17
Let j(n) = -12 + 0 + 2*n + 94*n - 19. List the prime factors of j(7).
641
What are the prime factors of (2 - 38/5)*(-4880 - -475)?
2, 7, 881
Let l = -177 + 161. List the prime factors of (-1050)/((216/l)/9).
2, 5, 7
Let g(i) be the third derivative of -47*i**4/6 - 11*i**3/6 + 57*i**2. List the prime factors of g(-1).
3, 59
Let q(i) = -2*i**2 - 17*i - 35. Let p be q(-2). List the prime factors of (-421)/p - 4/(-18).
47
Let n(t) = t**3 - 2*t**2 - 2*t - 1. Let g(w) = 4*w**3 - 9*w**2 - 7*w - 13. Let m(s) = g(s) - 3*n(s). What are the prime factors of m(10)?
2, 5, 17
Let h(r) = -r**3 + 32*r**2 - 132*r - 156. What are the prime factors of h(24)?
2, 3, 107
Let s be 3 + (19 - -3) - -3. Suppose -3*p = -2*l - 4*p, -4*l + 5*p + s = 0. Suppose 4*o = -i + 155, o + l*i - 32 = 4*i. List the prime factors of o.
2, 19
Let a(g) = -4*g**3 - 17*g**2 + 48*g + 61. Let j(w) = w**3 + w**2 - 1. Let r(n) = -a(n) - 3*j(n). What are the prime factors of r(-13)?
3, 5, 7
Let a = 18488 - 7005. List the prime factors of a.
11483
Suppose 79 + 42 = 11*a. Let p be a/1*(-10 - -69). Suppose 0 = -4*m + p + 111. List the prime factors of m.
2, 5, 19
Suppose -12 = 4*w, -4*w - 11 = -4*n + 13. Let p(o) = -o**3 + 2*o**2 - 24*o**n - o + 2*o. What are the prime factors of p(-1)?
2, 13
Let q be 2 - -1 - (-62509)/17. Suppose -18*m = -12572 + q. What are the prime factors of m?
2, 13, 19
Suppose 24*w - 231322 = 195086. List the prime factors of w.
109, 163
Let d be 3 + (4 - 1) + -2. Suppose -5*u - 2696 = -d*c + 699, 3*u = -4*c + 3403. List the prime factors of c.
2, 5, 17
Let v = 3 - -8. Suppose -5*i + 42 = 4*l - 19, -i - 2*l + v = 0. Suppose -i*x + 10*x = -174. List the prime factors of x.
2, 29
Let k(t) = 8419*t + 145. What are the prime factors of k(5)?
2, 3, 5, 11
Let j be (-11 + 8 + 14/4)*602. Suppose -5*b - 1164 = 5*r - 264, 5*r = -2*b - 369. Let v = j + b. List the prime factors of v.
2, 31
Suppose -5*q + 20 = -3*n, 0 = 9*n - 11*n - 5*q + 20. Suppose 28*i - 12*i - 7728 = n. List the prime factors of i.
3, 7, 23
Let y(w) = -35*w - 34. List the prime factors of y(-8).
2, 3, 41
Suppose -2*c + u = 518, 5*u = 2*c + 358 + 160. Let m = -219 - c. List the prime factors of m.
2, 5
Let v be 9/9*(-1)/(1/283). Let n = 514 + v. List the prime factors of n.
3, 7, 11
Let c(s) = 72*s**2 - 2*s - 1. Let u be c(1). Suppose -u*p + 16 = -71*p. Let f(l) = l**2 + l - 42. List the prime facto